76*g + 678 - 1427 + 607 + 589. Determine w(-6).
-9
Let u(b) = -b**3 - 4*b**2 + 4*b - 6. Let n(t) = t**2 + 1. Let g(p) = 14*p**2 - 14*p - 1. Let f(d) = -g(d) - 3*n(d). Let i be f(1). Determine u(i).
-1
Let k(c) = -4*c**2 - 6*c + 25. Let l be k(-3). Let b(f) = -10*f + 14. Determine b(l).
-56
Let i(h) be the first derivative of 2*h**3/3 - 3*h**2/2 - 2*h + 6242. Let a(s) = 0*s**2 + 4*s - 2*s**2 - 7*s. Let f be a(-2). Determine i(f).
12
Let y be (-350)/336 - (-3)/72. Let j(x) = -22*x**2 - 5*x + 1. What is j(y)?
-16
Let q(d) = -2*d. Let x(a) be the first derivative of a**2/2 + a + 154. Let i(w) = 6*q(w) + 11*x(w). What is i(3)?
8
Let r be 5*1 - -1*(-9 - -6). Let f = 7 + -5. Let x = r - f. Let h(i) = -i + 3. Calculate h(x).
3
Let u(y) be the first derivative of y**5/30 + 11*y**4/8 - 13*y**3/6 + 213*y**2/2 + 255. Let g(d) be the second derivative of u(d). Calculate g(-17).
4
Suppose q - 16 = 4*j + 2*q, q - 19 = 3*j. Let m(w) = 7 - 4*w**2 - 576*w - 577*w - w**3 + 1160*w. Determine m(j).
-3
Let k be ((-2093)/1610 - (-3)/10)/1. Let u(b) = -78*b**2 - 7*b - 6. Calculate u(k).
-77
Suppose -4*n + n + p = -23, 4*n = 2*p + 28. Suppose n = 10*l + 69. Let i(d) = 5 + 3 - 4*d + 9*d. What is i(l)?
-22
Let b be (4 + (-40)/25)*(-10)/(-4). Let z(l) = -15 - 3 - l - b + 20. What is z(-3)?
-1
Suppose -5*h + 3*h + 4 = -6. Let q(c) = c**2 - 8*c + 7. Give q(h).
-8
Let g be (20/5 + (-8)/2)*-1. Let m(j) be the second derivative of -1/12*j**4 + 0 - 5*j - 3*j**2 + 0*j**3. Calculate m(g).
-6
Let z(o) = o**3 + 9*o**2 + 8*o - 6. Suppose 6*d - 311 = -353. Determine z(d).
36
Suppose -6*h = -0*h - h. Suppose 0*g = 5*g - 5*k - 5, -g - 2*k + 7 = h. Let f(x) = 0*x**3 + 5*x**3 - 3*x**2 - 7*x**g + 3*x**3 - 2*x. What is f(3)?
-6
Let n be (-9)/((-324)/8) + 511/9. Suppose -n*w = -66*w + 27. Let q(t) = t**2 - t - 1. Determine q(w).
5
Let b(w) = -103 + 280 - 106 - 65 + w. Let y be 0/(3 - 2 - -1). What is b(y)?
6
Let j(x) = 5*x**3 + 326*x + 16*x**2 + 87 + 0*x**3 - 9*x**3 + 5*x**3 - 320*x. Calculate j(-16).
-9
Let a(v) = -903*v + 439*v + v**2 - 4 - 3*v**2 + 470*v. Let q(d) = 4 + 0 - d - 8*d - d**2. Let b be q(-9). Give a(b).
-12
Let f(g) be the second derivative of 0 - 64*g - 3/2*g**2 - 1/3*g**3. Give f(-2).
1
Let l(p) = -3*p - 18. Suppose -7*m + 312 = -33*m. Give l(m).
18
Let o(i) be the first derivative of -i**6/120 - 7*i**5/60 - i**4/12 + i**3/3 - 40*i**2 - 134. Let c(n) be the second derivative of o(n). Give c(-6).
-22
Suppose -206*z + 240 = -200*z. Let a(m) = z + 34 + m - 74. Determine a(4).
4
Let d(j) = 10*j - 28. Let r be 495/77 - 70/49. Give d(r).
22
Let o(v) = -2*v**2 - 21*v - 15. Let f be o(-10). Let u(l) = 2*l**2 - 14 + 20 - 2*l - 3*l**2 - 13. What is u(f)?
-22
Let t(q) = 2*q**2 + q. Suppose 28*j + 600 - 768 = 0. Calculate t(j).
78
Suppose -10*p - 33 = -43*p. Let v be (-6)/2 + 3*(0 + p). Let s(i) = i**3 + i**2 + i - 9. Determine s(v).
-9
Let t(y) = y**3 - 8*y**2 + y - 11. Let w be t(8). Let i be 5*w/(12/(-4)). Let g(a) = -i - a**2 - 2*a + 3*a - 8*a. What is g(-5)?
5
Let h be 1*(1 + 3 + -1). Let u(p) = 2*p**3 - 3*p**3 + 0*p**h + 7*p - 6 + 5*p**2. Suppose -42*t + 660 = 408. Calculate u(t).
0
Let s(l) = -264*l**2 + 2*l + 5*l + 131*l**2 + 4 + 132*l**2. Let b be -7*(2/4)/(7/(-14)). What is s(b)?
4
Let i(h) be the second derivative of 3*h**3 - 101*h**2/2 - 2810*h. What is i(6)?
7
Let i be 52/39*(-12)/(-56)*7. Let n(d) = d - 2. Let f(r) = r. Let m(s) = 2*f(s) - n(s). Determine m(i).
4
Let u(d) = -4*d - 2. Let f(b) = 15*b + 3. Let k(p) = 3*f(p) + 12*u(p). Calculate k(-5).
0
Let s(a) be the first derivative of -a**4/4 + 2*a**3 - 5*a**2 + 9*a + 4. Let p be s(3). Let f(h) = 4*h - 6. Determine f(p).
18
Let b = 919 - 913. Let a(i) be the second derivative of -i**5/20 + i**4/2 - i**3/3 + i**2/2 + 76*i. Determine a(b).
-11
Let l(z) = 18*z + 166 - 85 - 9*z - 2*z**2 - 97. What is l(2)?
-6
Let r(l) = -7*l**2 + 10*l - 8. Let p(b) = -31*b**2 + 41*b - 26. Let t(v) = -2*p(v) + 9*r(v). What is t(2)?
-8
Let v be (-2)/((-80)/(-84)) - 9/(-90). Let f be (4*v/8)/(3/(-12)). Let h(j) = 2*j**3 + j**3 - 2 + 4*j - 5*j**2 - 2*j**3. Determine h(f).
-2
Let x(v) = 3760810 + 7*v - 1880409 - 1880463. Give x(5).
-27
Let h(n) = -8*n**3 + 6*n**2 - n - 1. Let f(g) = 11*g**3 - 7*g**2 + g. Let r(x) = -2*f(x) - 3*h(x). Calculate r(2).
5
Let v(c) be the second derivative of 9/2*c**2 - 3*c + 1/6*c**3 - 1. Determine v(7).
16
Let s(r) = -r**2 + 14*r + 132. Let n = -26775 - -26796. Calculate s(n).
-15
Let v(d) = d**2 - 1. Let x(n) = n**3 - 11*n**2 + 4. Let w(j) = 5*v(j) + x(j). Determine w(5).
-26
Let s(g) = 9*g + 56. Let x(t) = -48*t - 338. Let m(z) = -13*s(z) - 2*x(z). Calculate m(-2).
-10
Suppose -666 + 4005 = -9*i. Let t = -367 - i. Let f(r) = -r**2 + 2*r**2 + 0*r**2 - 3*r. Give f(t).
4
Let y(k) = -k**2 - 17*k - 9. Let f be y(-17). Let u(d) = -d**2 - 15*d - 20. Let r be u(f). Let m(s) = -s + 0*s + r - 29 - s**2. What is m(4)?
-15
Let m(b) = -2 - b**3 + 2*b**3 - 1. Suppose -5*g - 22 + 20 = -4*z, z + 3*g - 9 = 0. Give m(z).
24
Let i(y) = 0*y + 508*y**2 - 1016*y**2 + 695 + 505*y**2 - 695 - 3*y. Let r(k) = 2 + 2 - 5*k + k**2 - 2*k**2. Let z be r(-6). Calculate i(z).
-6
Let u(q) = 2*q**3 - 53*q**2 + 23*q + 24. Suppose 867*o - 636*o = 6006. What is u(o)?
-54
Let j(y) be the third derivative of -y**5/60 + y**4/12 - 13*y**3/6 + 708*y**2. Give j(5).
-28
Let o(k) = -k + 1. Let u(v) = -33*v + 44. Let h(f) = 44*o(f) - u(f). Let j be 6/4*(-6)/(-2 - 1). What is h(j)?
-33
Let x(f) = f**3 + 6*f**2 + 5*f + 5. Suppose -2*w - 61 = -4*k + 141, -4*w - 3*k = 371. Let b = -100 - w. Give x(b).
5
Let f(m) = -m**2 + 5*m - 1. Let h be f(6). Let s(i) = -22*i + 5. Let y(b) = 27*b - 6. Let z(p) = 5*s(p) + 4*y(p). Calculate z(h).
15
Let r(t) = t**2 + 8*t + 9. Let u be r(-7). Let w(n) = n. Let f(s) = 3*s - 10. Let x(c) = u*w(c) - f(c). Let j be (-9)/(-108) - (-2 + (-236)/48). Give x(j).
3
Suppose 35*w = 30*w + 5. Suppose -2*z - 3*s = -13, -3*s - w = -5*z - 0*s. Let d(m) = 4*m**2 - 2*m - 2. Determine d(z).
10
Suppose 102*n - r = 98*n - 6, 3*r = 6. Let k(c) = 2*c**2 + 3*c - 3. Let g(s) = -2*s**2 - 4*s + 4. Let j(b) = 3*g(b) + 4*k(b). Give j(n).
2
Let z = 57 + -29. Let j(h) = h**3 - 60*h**2 + 62*h - 201. Let q be j(59). Let r = z + q. Let f(c) = -3*c. Calculate f(r).
-12
Suppose 0 = 4*x + 4, 5*w - w + x = -1. Suppose -2*r = 3*r - 20, 5*h - r - 1 = w. Let n(p) = -6 - p**2 + 2 + 8*p + h. What is n(6)?
9
Let h(b) = -b**2 - 2*b + 6. Let d be h(-4). Let o be (-10)/d*(-42)/(-35). Let u(y) = 3*y**3 - 91*y**2 + o + 2*y + 95*y**2 - 4*y**3 + 3*y. What is u(5)?
6
Let h be 1*-33 + -1850 + 1878. Let v(t) = t**2 - t + 9. Let p(n) = -2*n**2 + n - 17. Let z(k) = 4*p(k) + 7*v(k). What is z(h)?
-15
Let r(u) = 9*u - 27. Let m be r(5). Let x(n) = -4*n - 15 + 10 - 19*n**2 + m*n**2. Give x(-5).
-10
Suppose -580*b + 579*b - 45 = 4*z, 5*b = 2*z + 61. Let h(j) = j**2 + 15*j - 35. Give h(z).
-61
Suppose 2*q = 8, 5*q - 16 = 2*m - 0. Let w(h) = -18*h + 16. Determine w(m).
-20
Let v(y) = y**2 - y + 1. Let u(j) = -j**2 + 14*j + 2. Let x be u(11). Let s = 38 - x. Suppose 2*r + 0 - 6 = -4*h, 3 = -s*r. What is v(h)?
3
Let o be (12/8 + 2 + -3)*-14. Let l be (o + (0 - -9))*3. Let c(i) = -i**3 + 6*i**2 + 8. Let p(q) = -q**3 + 6*q**2 + 9. Let h(f) = 4*c(f) - 3*p(f). What is h(l)?
5
Let r(o) = o + 13. Let i be r(-8). Suppose i*d + 25 = v, 2*d + d + 22 = 2*v. Let l(q) = -3*q - 6. What is l(d)?
6
Let j(g) = -g**3 - 5*g**2 - 5*g - 3. Let i = -511 - -740. Let z = 225 - i. What is j(z)?
1
Suppose -3*x + 9 = -3*a, -2 = -x - 2*x - 4*a. Let d(q) be the third derivative of 1/120*q**6 + 0*q - 1/15*q**5 - 274*q**2 + 0 + 0*q**3 + 0*q**4. What is d(x)?
-8
Let f(n) be the first derivative of -n**4/4 + 2*n**3 - 5*n**2/2 - 2*n + 301. Let x(p) = 2*p + 1. Suppose 0 = 4*t + 1 - 9. Let i be x(t). Calculate f(i).
-2
Let p(i) = 4*i - 1. Let t(w) = -2*w + 2. Let a(v) = -v**3 - 9*v**2 - 7*v + 8. Let j be a(-8). Let f be t(j). Suppose -f*z + 4 = -z. Determine p(z).
15
Let g(v) = v**3 + 14*v**2 - 3*v - 39. Let m be g(-14). Let x(o) = 3*o**2 - 8*o**2 + 6*o**2 - 6*o**m. Let l = 3 - 2. Calculate x(l).
-5
Let z(j) be the second derivative of -2*j**3/3 + 6*j**2 - 42*j + 20. Let s(q) = q**3 + 14*q**2 + 12*q - 8. Let g be s(-13). What is z(g)?
-8
Suppose -j - 38 = -45, -15 = -4*i - j. Let y(q) be the first derivative of 36 + i*q 